{"id":2304,"date":"2025-12-12T18:54:49","date_gmt":"2025-12-12T17:54:49","guid":{"rendered":"https:\/\/www.arrueiro.com\/?post_type=tribe_events&#038;p=2304"},"modified":"2025-12-12T19:05:58","modified_gmt":"2025-12-12T18:05:58","slug":"taller-adornos-navidenos","status":"publish","type":"tribe_events","link":"https:\/\/arrueiro.com\/en\/evento\/taller-adornos-navidenos\/","title":{"rendered":"TALLER ADORNOS NAVIDE\u00d1OS"},"content":{"rendered":"<p style=\"text-align: left;\"><img fetchpriority=\"high\" decoding=\"async\" class=\"size-medium wp-image-2279 alignleft\" src=\"https:\/\/arrueiro.com\/wp-content\/uploads\/45_-POST_-Experiencias--240x300.jpg\" alt=\"\" width=\"240\" height=\"300\" srcset=\"https:\/\/arrueiro.com\/wp-content\/uploads\/45_-POST_-Experiencias--240x300.jpg 240w, https:\/\/arrueiro.com\/wp-content\/uploads\/45_-POST_-Experiencias--819x1024.jpg 819w, https:\/\/arrueiro.com\/wp-content\/uploads\/45_-POST_-Experiencias--768x960.jpg 768w, https:\/\/arrueiro.com\/wp-content\/uploads\/45_-POST_-Experiencias-.jpg 1080w\" sizes=\"(max-width: 240px) 100vw, 240px\" \/><\/p>\n<p><img decoding=\"async\" class=\"size-medium wp-image-2275 alignleft\" src=\"https:\/\/arrueiro.com\/wp-content\/uploads\/IMG_20221124_140357_edit_86180065127474-225x300.jpg\" alt=\"\" width=\"225\" height=\"300\" srcset=\"https:\/\/arrueiro.com\/wp-content\/uploads\/IMG_20221124_140357_edit_86180065127474-225x300.jpg 225w, https:\/\/arrueiro.com\/wp-content\/uploads\/IMG_20221124_140357_edit_86180065127474-768x1024.jpg 768w, https:\/\/arrueiro.com\/wp-content\/uploads\/IMG_20221124_140357_edit_86180065127474-1152x1536.jpg 1152w, https:\/\/arrueiro.com\/wp-content\/uploads\/IMG_20221124_140357_edit_86180065127474-1536x2048.jpg 1536w, https:\/\/arrueiro.com\/wp-content\/uploads\/IMG_20221124_140357_edit_86180065127474-scaled.jpg 1920w\" sizes=\"(max-width: 225px) 100vw, 225px\" \/><img decoding=\"async\" class=\"wp-image-2278 size-medium alignnone\" src=\"https:\/\/arrueiro.com\/wp-content\/uploads\/IMG-20221217-WA0062-225x300.jpg\" alt=\"\" width=\"225\" height=\"300\" srcset=\"https:\/\/arrueiro.com\/wp-content\/uploads\/IMG-20221217-WA0062-225x300.jpg 225w, https:\/\/arrueiro.com\/wp-content\/uploads\/IMG-20221217-WA0062-768x1024.jpg 768w, https:\/\/arrueiro.com\/wp-content\/uploads\/IMG-20221217-WA0062-1152x1536.jpg 1152w, https:\/\/arrueiro.com\/wp-content\/uploads\/IMG-20221217-WA0062.jpg 1200w\" sizes=\"(max-width: 225px) 100vw, 225px\" \/><\/p>\n<p>&nbsp;<\/p>\n<h4><\/h4>\n<h4 style=\"text-align: center;\"><em>Un encuentro c\u00e1lido para <strong>crear<\/strong><\/em><strong><em>\u00a0con tus propias manos en un momento del a\u00f1o que invita a la introspecci\u00f3n y al recogimiento.\u00a0<\/em><\/strong><\/h4>\n<p>&nbsp;<\/p>\n<p class=\"cvGsUA direction-ltr align-center para-style-body\"><span class=\"a_GcMg font-feature-liga-off font-feature-clig-off font-feature-calt-off text-decoration-none text-strikethrough-none\">La Navidad moderna se ha convertido en luces estridentes, prisas y compromisos <\/span><span class=\"a_GcMg font-feature-liga-off font-feature-clig-off font-feature-calt-off text-decoration-none text-strikethrough-none\">que nos estresan. <\/span><span class=\"a_GcMg font-feature-liga-off font-feature-clig-off font-feature-calt-off text-decoration-none text-strikethrough-none\">Pero en las tradiciones antiguas, este era un tiempo de silencio, recogimiento y quietud. El <em>solsticio de invierno<\/em> m<\/span><span class=\"a_GcMg font-feature-liga-off font-feature-clig-off font-feature-calt-off text-decoration-none text-strikethrough-none\">arcaba la noche m\u00e1s larga del a\u00f1o, en un momento para descansar, agradecer y prepararse para un nuevo ciclo que poco a poco traer\u00eda m\u00e1s luz. Una pausa necesaria para regenerarse.<\/span><\/p>\n<p>&nbsp;<\/p>\n<p class=\"cvGsUA direction-ltr align-center para-style-body\" style=\"text-align: center;\"><em><strong><span class=\"a_GcMg font-feature-liga-off font-feature-clig-off font-feature-calt-off text-decoration-none text-strikethrough-none\">Este taller es una invitaci\u00f3n a regalarte un espacio para ti y volver a lo sencillo:<\/span><\/strong><\/em><\/p>\n<p class=\"cvGsUA direction-ltr align-center para-style-body\" style=\"text-align: center;\"><em><strong><span class=\"a_GcMg font-feature-liga-off font-feature-clig-off font-feature-calt-off text-decoration-none text-strikethrough-none\"> crear, jugar y experimentar con tus manos como cuando \u00e9ramos ni\u00f1xs. <\/span><span class=\"a_GcMg font-feature-liga-off font-feature-clig-off font-feature-calt-off text-decoration-none text-strikethrough-none\">Sin expectativas.<\/span><\/strong><\/em><\/p>\n<p>&nbsp;<\/p>\n<h3><strong>\u00bfEn qu\u00e9 consistir\u00e1?<\/strong><\/h3>\n<p>&nbsp;<\/p>\n<p><span class=\"a_GcMg font-feature-liga-off font-feature-clig-off font-feature-calt-off text-decoration-none text-strikethrough-none\">. Elaboraremos adornos de Navidad en un encuentro c\u00e1lido y acogedor, en sinton\u00eda con el ritmo m\u00e1s lento y sereno que nos pide esta \u00e9poca.<\/span><\/p>\n<p>. Utilizaremos <strong>elementos naturales<\/strong>: fibras como el algod\u00f3n o la lana, abalorios de madera y ramas que encontramos en el entorno.<\/p>\n<p>. Aprender\u00e1s algunas <strong>t\u00e9cnicas sencillas<\/strong>, pero tendr\u00e1s <strong>total libertad para explorar, combinar y crear desde tu propio ritmo y gusto personal<\/strong>.<\/p>\n<p>&nbsp;<\/p>\n<h3><strong>\u00bfPor qu\u00e9 este taller es tan especial?<\/strong><\/h3>\n<p>&nbsp;<\/p>\n<p>Porque este ser\u00e1 mi primer taller desde que puse en pausa\u00a0mi proyecto personal de artesan\u00eda textil <em>Biloba Concept<\/em> debido a la puesta en marcha de Arrueiro. Para quienes no lo conozc\u00e1is a\u00fan, pod\u00e9is visitar mi web aqu\u00ed: <a href=\"https:\/\/bilobaconcept.es\/\" target=\"_blank\" rel=\"noopener\">www.bilobaconcept.es<\/a>\u00a0 Y hablo en primera persona porque detr\u00e1s de quien escribe y quien te recibe en Arrueiro tambi\u00e9n estoy yo: <strong>Luisa<\/strong>.<\/p>\n<p>&nbsp;<\/p>\n<p>Recuperar este espacio creativo y estrenarme en Arrueiro\u00a0\u2014el lugar que tambi\u00e9n cuido\u2014 hace que este evento signifique mucho para mi.<span class=\"ml-rte-link-wrapper\"> \u00a0<\/span><\/p>\n<p>&nbsp;<\/p>\n<p>&nbsp;<\/p>\n<h3><strong>\u00a1Reserva tu plaza!<\/strong><\/h3>\n<p>Las plazas para este evento son limitadas, as\u00ed que si te entusiasma la idea de unirte a nosotros, no dudes en escribirnos para reservar tu lugar:<br \/>\n<strong><br \/>\nW<\/strong><strong>hatsApp:\u00a0<a href=\"tel:617749636\">617749636<\/a><\/strong><\/p>\n<p><strong>Mail:\u00a0<\/strong><strong><a href=\"mailto:Mail:%C2%A0info@arrueiro.com\">info@arrueiro.com<\/a><\/strong><\/p>\n<p>&nbsp;<\/p>\n<p>Quiz\u00e1s esto tambi\u00e9n te interese:<\/p>\n<h3>\u00a1DESCUENTO EXCLUSIVO!<\/h3>\n<p>Solo para asistentes a este taller, si quieres quedarte, te ofrecemos\u00a0un\u00a0<strong>10% de descuento en el alojamiento<\/strong>\u00a0(la noche antes o despu\u00e9s del evento). Disponemos de habitaciones dobles con ba\u00f1o privado y desayuno incluido.<\/p>\n<p>Contacta directamente con nosotros en\u00a0<a href=\"mailto:info@arrueiro.com\">info@arrueiro.com<\/a>\u00a0para que podamos reservar una habitaci\u00f3n para ti y\u00a0aplicarte el descuento.<\/p>","protected":false},"excerpt":{"rendered":"<p>&nbsp; Un encuentro c\u00e1lido para crear\u00a0con tus propias manos en un momento del a\u00f1o que invita a la introspecci\u00f3n y al recogimiento.\u00a0 &nbsp; La Navidad moderna se ha convertido en [&hellip;]<\/p>\n","protected":false},"author":2,"featured_media":0,"template":"","meta":{"_tribe_events_status":"","_tribe_events_status_reason":"","footnotes":""},"tags":[],"tribe_events_cat":[],"class_list":["post-2304","tribe_events","type-tribe_events","status-publish","hentry"],"_links":{"self":[{"href":"https:\/\/arrueiro.com\/en\/wp-json\/wp\/v2\/tribe_events\/2304","targetHints":{"allow":["GET"]}}],"collection":[{"href":"https:\/\/arrueiro.com\/en\/wp-json\/wp\/v2\/tribe_events"}],"about":[{"href":"https:\/\/arrueiro.com\/en\/wp-json\/wp\/v2\/types\/tribe_events"}],"author":[{"embeddable":true,"href":"https:\/\/arrueiro.com\/en\/wp-json\/wp\/v2\/users\/2"}],"version-history":[{"count":7,"href":"https:\/\/arrueiro.com\/en\/wp-json\/wp\/v2\/tribe_events\/2304\/revisions"}],"predecessor-version":[{"id":2312,"href":"https:\/\/arrueiro.com\/en\/wp-json\/wp\/v2\/tribe_events\/2304\/revisions\/2312"}],"wp:attachment":[{"href":"https:\/\/arrueiro.com\/en\/wp-json\/wp\/v2\/media?parent=2304"}],"wp:term":[{"taxonomy":"post_tag","embeddable":true,"href":"https:\/\/arrueiro.com\/en\/wp-json\/wp\/v2\/tags?post=2304"},{"taxonomy":"tribe_events_cat","embeddable":true,"href":"https:\/\/arrueiro.com\/en\/wp-json\/wp\/v2\/tribe_events_cat?post=2304"}],"curies":[{"name":"wp","href":"https:\/\/api.w.org\/{rel}","templated":true}]}}

TALLER ADORNOS NAVIDEÑOS

<p style="text-align: left;"><img fetchpriority="high" decoding="async" class="size-medium wp-image-2279 alignleft" src="https://arrueiro.com/wp-content/uploads/45_-POST_-Experiencias--240x300.jpg" alt="" width="240" height="300" srcset="https://arrueiro.com/wp-content/uploads/45_-POST_-Experiencias--240x300.jpg 240w, https://arrueiro.com/wp-content/uploads/45_-POST_-Experiencias--819x1024.jpg 819w, https://arrueiro.com/wp-content/uploads/45_-POST_-Experiencias--768x960.jpg 768w, https://arrueiro.com/wp-content/uploads/45_-POST_-Experiencias-.jpg 1080w" sizes="(max-width: 240px) 100vw, 240px" /></p>
<p><img decoding="async" class="size-medium wp-image-2275 alignleft" src="https://arrueiro.com/wp-content/uploads/IMG_20221124_140357_edit_86180065127474-225x300.jpg" alt="" width="225" height="300" srcset="https://arrueiro.com/wp-content/uploads/IMG_20221124_140357_edit_86180065127474-225x300.jpg 225w, https://arrueiro.com/wp-content/uploads/IMG_20221124_140357_edit_86180065127474-768x1024.jpg 768w, https://arrueiro.com/wp-content/uploads/IMG_20221124_140357_edit_86180065127474-1152x1536.jpg 1152w, https://arrueiro.com/wp-content/uploads/IMG_20221124_140357_edit_86180065127474-1536x2048.jpg 1536w, https://arrueiro.com/wp-content/uploads/IMG_20221124_140357_edit_86180065127474-scaled.jpg 1920w" sizes="(max-width: 225px) 100vw, 225px" /><img decoding="async" class="wp-image-2278 size-medium alignnone" src="https://arrueiro.com/wp-content/uploads/IMG-20221217-WA0062-225x300.jpg" alt="" width="225" height="300" srcset="https://arrueiro.com/wp-content/uploads/IMG-20221217-WA0062-225x300.jpg 225w, https://arrueiro.com/wp-content/uploads/IMG-20221217-WA0062-768x1024.jpg 768w, https://arrueiro.com/wp-content/uploads/IMG-20221217-WA0062-1152x1536.jpg 1152w, https://arrueiro.com/wp-content/uploads/IMG-20221217-WA0062.jpg 1200w" sizes="(max-width: 225px) 100vw, 225px" /></p>
<p>&nbsp;</p>
<h4></h4>
<h4 style="text-align: center;"><em>Un encuentro cálido para <strong>crear</strong></em><strong><em> con tus propias manos en un momento del año que invita a la introspección y al recogimiento. </em></strong></h4>
<p>&nbsp;</p>
<p class="cvGsUA direction-ltr align-center para-style-body"><span class="a_GcMg font-feature-liga-off font-feature-clig-off font-feature-calt-off text-decoration-none text-strikethrough-none">La Navidad moderna se ha convertido en luces estridentes, prisas y compromisos </span><span class="a_GcMg font-feature-liga-off font-feature-clig-off font-feature-calt-off text-decoration-none text-strikethrough-none">que nos estresan. </span><span class="a_GcMg font-feature-liga-off font-feature-clig-off font-feature-calt-off text-decoration-none text-strikethrough-none">Pero en las tradiciones antiguas, este era un tiempo de silencio, recogimiento y quietud. El <em>solsticio de invierno</em> m</span><span class="a_GcMg font-feature-liga-off font-feature-clig-off font-feature-calt-off text-decoration-none text-strikethrough-none">arcaba la noche más larga del año, en un momento para descansar, agradecer y prepararse para un nuevo ciclo que poco a poco traería más luz. Una pausa necesaria para regenerarse.</span></p>
<p>&nbsp;</p>
<p class="cvGsUA direction-ltr align-center para-style-body" style="text-align: center;"><em><strong><span class="a_GcMg font-feature-liga-off font-feature-clig-off font-feature-calt-off text-decoration-none text-strikethrough-none">Este taller es una invitación a regalarte un espacio para ti y volver a lo sencillo:</span></strong></em></p>
<p class="cvGsUA direction-ltr align-center para-style-body" style="text-align: center;"><em><strong><span class="a_GcMg font-feature-liga-off font-feature-clig-off font-feature-calt-off text-decoration-none text-strikethrough-none"> crear, jugar y experimentar con tus manos como cuando éramos niñxs. </span><span class="a_GcMg font-feature-liga-off font-feature-clig-off font-feature-calt-off text-decoration-none text-strikethrough-none">Sin expectativas.</span></strong></em></p>
<p>&nbsp;</p>
<h3><strong>¿En qué consistirá?</strong></h3>
<p>&nbsp;</p>
<p><span class="a_GcMg font-feature-liga-off font-feature-clig-off font-feature-calt-off text-decoration-none text-strikethrough-none">. Elaboraremos adornos de Navidad en un encuentro cálido y acogedor, en sintonía con el ritmo más lento y sereno que nos pide esta época.</span></p>
<p>. Utilizaremos <strong>elementos naturales</strong>: fibras como el algodón o la lana, abalorios de madera y ramas que encontramos en el entorno.</p>
<p>. Aprenderás algunas <strong>técnicas sencillas</strong>, pero tendrás <strong>total libertad para explorar, combinar y crear desde tu propio ritmo y gusto personal</strong>.</p>
<p>&nbsp;</p>
<h3><strong>¿Por qué este taller es tan especial?</strong></h3>
<p>&nbsp;</p>
<p>Porque este será mi primer taller desde que puse en pausa mi proyecto personal de artesanía textil <em>Biloba Concept</em> debido a la puesta en marcha de Arrueiro. Para quienes no lo conozcáis aún, podéis visitar mi web aquí: <a href="https://bilobaconcept.es/" target="_blank" rel="noopener">www.bilobaconcept.es</a>  Y hablo en primera persona porque detrás de quien escribe y quien te recibe en Arrueiro también estoy yo: <strong>Luisa</strong>.</p>
<p>&nbsp;</p>
<p>Recuperar este espacio creativo y estrenarme en Arrueiro —el lugar que también cuido— hace que este evento signifique mucho para mi.<span class="ml-rte-link-wrapper">  </span></p>
<p>&nbsp;</p>
<p>&nbsp;</p>
<h3><strong>¡Reserva tu plaza!</strong></h3>
<p>Las plazas para este evento son limitadas, así que si te entusiasma la idea de unirte a nosotros, no dudes en escribirnos para reservar tu lugar:<br />
<strong><br />
W</strong><strong>hatsApp: <a href="tel:617749636">617749636</a></strong></p>
<p><strong>Mail: </strong><strong><a href="mailto:Mail:%C2%A0info@arrueiro.com">info@arrueiro.com</a></strong></p>
<p>&nbsp;</p>
<p>Quizás esto también te interese:</p>
<h3>¡DESCUENTO EXCLUSIVO!</h3>
<p>Solo para asistentes a este taller, si quieres quedarte, te ofrecemos un <strong>10% de descuento en el alojamiento</strong> (la noche antes o después del evento). Disponemos de habitaciones dobles con baño privado y desayuno incluido.</p>
<p>Contacta directamente con nosotros en <a href="mailto:info@arrueiro.com">info@arrueiro.com</a> para que podamos reservar una habitación para ti y aplicarte el descuento.</p>

<p>&nbsp; Un encuentro cálido para crear con tus propias manos en un momento del año que invita a la introspección y al recogimiento.  &nbsp; La Navidad moderna se ha convertido en [&hellip;]</p>
